(-3)/((-30)/4). Let y = 18 - m. Let j(w) = -w**3 + 4*w**2 + 4*w - 1. Calculate the remainder when 57 is divided by j(y).
12
Let g(s) = -s**2 + 36*s + 60. Calculate the remainder when g(35) is divided by 24.
23
Suppose 0*p - 4*p - 5*o = -51, 4 = p + 3*o. Let n = -11 + 9. What is the remainder when p is divided by n/4 - 121/(-22)?
4
Let q = -129 + 344. What is the remainder when q is divided by 17?
11
Let p be 156/(-21) - 12/(-28). Let n = p - -50. What is the remainder when n is divided by 22?
21
Let a be -2 + 4*(-1)/(-2). Let k = a + 1. Suppose 0 = -l + 15 + k. What is the remainder when 31 is divided by l?
15
Let c(o) be the second derivative of -o**4/12 + o**3/6 + 5*o**2 - 46*o. What is the remainder when 11 is divided by c(3)?
3
Let p(x) = -x**2 - 32*x + 54. What is the remainder when 230 is divided by p(-33)?
20
Suppose -5*u + 225 = -0*u. Suppose 313 = -y + 5*y + 3*b, -5*y = -b - 415. Let c = y - u. Calculate the remainder when c is divided by 13.
11
Let k be 6/24 - (-23)/4. Suppose 2*w - k - 2 = 0. Suppose 0 = 4*x - w - 96. Calculate the remainder when 98 is divided by x.
23
Let i(t) = 6 - 8 + 0 - 12*t. Calculate the remainder when -2 + (-2)/2*-29 is divided by i(-1).
7
Let c = 202 + -154. Let q be (6/2)/((-12)/(-52)). Suppose -5*x + q = -4*x. Calculate the remainder when c is divided by x.
9
Let x(q) = 5*q - 4. Let m = 117 + -88. What is the remainder when m is divided by x(4)?
13
Suppose 5*r + 26 = 6. Calculate the remainder when 31 is divided by (-22)/(-1)*(-2)/r.
9
Calculate the remainder when 88 is divided by (-6)/14 + (-45)/(-7).
4
Let d = 95 + -92. Calculate the remainder when 31 is divided by d.
1
Suppose -4*z + 9 = -3*c, -2*z - c + 5 = -2*c. Suppose z*k - 244 = -2*p, -k - 771 + 297 = -4*p. What is the remainder when p is divided by 40?
39
Suppose 0 = -4*m - 5*n + 157, -3*m - 4*n + 156 = 37. Let o = -22 + m. Calculate the remainder when 31 is divided by o.
9
Suppose 2*z + 9 = 13. Calculate the remainder when 86 is divided by z + (-14)/6 + (-1729)/(-57).
26
Let s be 8/(-52) + ((-134)/(-26) - -3). Suppose -5*j - 264 = -s*j. What is the remainder when j is divided by 18?
16
Let y = 30 + 56. Let h = 2138 + -2120. Calculate the remainder when y is divided by h.
14
Suppose 0*o + 4*o = 1460. Suppose 0*q + 4*j = 5*q - o, j = 0. What is the remainder when q is divided by 25?
23
Let x(y) = -74*y - 490. Calculate the remainder when x(-11) is divided by 114.
96
Suppose -s - 8 = h, -2*h = 2*h + 16. What is the remainder when (2/s)/(3/(-354)) is divided by 12?
11
Let b be -1 + (36/3)/4. Suppose -b*c = -85 - 93. What is the remainder when c is divided by 23?
20
Let n(c) = 46*c - 109. Calculate the remainder when 1422 is divided by n(4).
72
Let w(c) = c + 12. Let a be w(-9). Suppose p - j - 7 + 3 = 0, 0 = -a*p + j + 18. What is the remainder when p is divided by (-1)/((-2)/(5*2))?
2
Let k(c) = -c**2 + 4*c + 1. Let l be k(3). Suppose -4*s - 5 = -2*g + 27, -s + l*g = -6. What is the remainder when ((-5)/s)/(2/72) is divided by 10?
8
Let i(g) = -2*g**3 - 17*g**2 - 6*g + 40. Calculate the remainder when 107 is divided by i(-8).
11
What is the remainder when (-662)/(-14) + 14/(-49) is divided by 11?
3
Suppose -10*y - 4 = -12*y. Suppose 0 = -3*p - 5*w + y*w + 54, -3*w = p - 10. Calculate the remainder when p is divided by 8.
6
Let z = 1439 + -866. Calculate the remainder when z is divided by 9.
6
Let s(l) = -l**3 - 9*l**2 - 3*l - 1. Let f be s(-9). Suppose 5*n + 19 = g, -3*n + f = 5*g - 5*n. What is the remainder when (-1)/(g/8) - -41 is divided by 10?
9
Suppose -55 = -2*i - 2*a + 5*a, -3*i = -3*a - 75. Calculate the remainder when i is divided by 2 - (-2 + 8/(-1)).
8
Suppose 0 = 5*n - 189 + 59. Suppose 2*g + 2*f - 246 = 0, -166 = -3*g + 2*f + 228. Calculate the remainder when g is divided by n.
24
Suppose -a + 4*j + 2 = -2, 4 = a - 2*j. Let m = 4 - a. Suppose m = 3*x + 2*x - 95. What is the remainder when 36 is divided by x?
17
Let r(j) = -5*j**3 - 2*j + 1. Let z(b) = 2*b**3 - 2*b**2 + 2*b - 1. Let v be z(1). Let n be r(v). Let c = -3 - n. What is the remainder when 7 is divided by c?
1
Suppose 100 = 5*h + 5*g, 2*h - 3*g = 32 - 2. Suppose 6*q = 11 + 481. Suppose 4*w + 3*d - q = 63, -28 = -w + 2*d. What is the remainder when w is divided by h?
16
Suppose 139*z - 101*z = 8360. Calculate the remainder when z is divided by 61.
37
Suppose 0 = 2*x + 4*j - 88, 2*x + 0*x + 3*j - 83 = 0. Suppose 670 - 294 = 303*p - 1139. Calculate the remainder when x is divided by p.
4
Suppose -30*i + 80766 = 4356. What is the remainder when i is divided by 30?
27
Let h(c) = c**3 - 7*c**2 - 7*c + 10. Suppose -94*i + 85*i = -621. Calculate the remainder when i is divided by h(8).
15
Suppose -24 = 5*x - 13*x. Suppose 4*u - y - 111 = 3*u, x*u - y - 327 = 0. What is the remainder when u is divided by 16?
12
Suppose -4*i - 3*o + 10 + 35 = 0, 0 = -i - 2*o + 20. Suppose -v + 5*v - 56 = 0. What is the remainder when v is divided by i?
2
Suppose 193*m + 408 = 261*m. What is the remainder when -6*5/((-45)/24) is divided by m?
4
Suppose 5*u - 72 = 3*d, -4*d - 4 = u - 0*d. Let r = -29 - -75. What is the remainder when r is divided by u?
10
Suppose 60 = 4*n - 124. Suppose 40 = -3*i - 2*i. Let q = i + 21. Calculate the remainder when n is divided by q.
7
Suppose -2*a + 49 - 3 = 0. What is the remainder when a is divided by 13?
10
Let s = 202 + -191. What is the remainder when 306 is divided by s?
9
Let n(i) = -i**3 + 2*i**2 + 2*i + 16. What is the remainder when 42 is divided by n(0)?
10
Let h = 1904 + -1596. Calculate the remainder when h is divided by 25.
8
Let j be 4/8*-38*(-9 + 1). Suppose j = 5*y - 163. What is the remainder when y is divided by 13?
11
What is the remainder when 70/(-60) + 362/12 is divided by (-25)/(-3) + (-1)/3?
5
What is the remainder when 9 + -5 - (1 + -174)/1 is divided by 36?
33
Calculate the remainder when (-60)/((100/15)/(-5)) is divided by 9.
0
Let f(k) = -3*k + 368 - k - 375. Let g(v) = -5*v + 1. Let y be g(2). Calculate the remainder when f(y) is divided by 8.
5
Suppose v = 9*v - 264. What is the remainder when 129 is divided by v?
30
Let l(c) = -3*c + 278. Calculate the remainder when l(11) is divided by 127.
118
Let x(d) = d**3 - d**2 - 8. What is the remainder when x(4) is divided by (7/1)/(1 + 0)?
5
Let i(b) = 6*b + 45. Calculate the remainder when 56 is divided by i(-5).
11
What is the remainder when 70 is divided by -8 + (-95)/(-10) + 135/6?
22
Let w be (-1682)/16 - (-2)/16. Let c(u) = -u**3 + 3*u**2 - 4. What is the remainder when c(-3) is divided by ((-24)/(-14))/((-10)/w)?
14
Suppose v = 2*l - v - 750, -5*l - 2*v + 1840 = 0. Calculate the remainder when l is divided by 17.
13
Let d(x) = -x**2 + x + 40. What is the remainder when 18 is divided by d(-5)?
8
Calculate the remainder when 0 + -2*(-1505)/14 is divided by 44.
39
Let g(x) = 5*x + 274. What is the remainder when g(8) is divided by 64?
58
Let y(x) = x**2 + 4 - x**2 + 6*x + 2*x**2. Let f(k) = k**2 - 10*k - 5. What is the remainder when f(13) is divided by y(-4)?
10
Suppose -3*p = m - 518, 0 = 6*p - 7*p - 2*m + 181. What is the remainder when p is divided by 47?
30
Let v = -877 - -892. Calculate the remainder when v is divided by 4.
3
Let g = -135 + 455. Calculate the remainder when g is divided by 12.
8
Let q(u) = -u**3 - u**2 + u - 1. Let p be q(0). Let l(o) = -8*o - 134. Let j be l(-19). Let d = j - p. Calculate the remainder when 36 is divided by d.
17
Let t(f) = 17*f - 4. Let b be t(6). Let y be ((-27)/(-12) - -2)*40. Let q = y - b. What is the remainder when q is divided by 25?
22
Let b(k) = -8*k. Suppose 4*w - 2*s + s + 4 = 0, 3*w - 4*s = -3. Let p(o) = -3*o + 88. What is the remainder when p(22) is divided by b(w)?
6
Let i(l) = -7*l + 36. Calculate the remainder when i(-5) is divided by 22.
5
Let w be (-3)/((-6)/2)*0. Let o(r) = -r**2 + r + 17. What is the remainder when o(0) is divided by w + 2 + 4 + 3?
8
Let x(g) = -12*g - 7. Let q be x(-2). Suppose 18*k - 16 = q*k. What is the remainder when 47 is divided by k?
15
Suppose 11*x = 20 + 123. Calculate the remainder when (-1 + (-74)/(-4))*2 is divided by x.
9
Suppose 3*h + 5 = 4*h. Let l(m) = m**3 - 4*m**2 - 6*m + 6. Let x be l(h). Suppose x = f - 1. Calculate the remainder when f is divided by 2.
0
Let a = 60 + -53. Suppose -a*t + 